. Let j be z(15). Let i = j + -18. Let l be (54/15)/(12/i). What is the greatest common divisor of l and 3?
3
Let q be -4*(-1 - (1 - 3)). Let p(w) = 43 - 12*w - 39 - w. Let x be p(q). What is the greatest common divisor of x and 14?
14
Suppose -16 = -6*o + 20. Suppose o*j - 3*j = 0. Suppose 57 = 2*t - w, 2*t - t + 3*w - 11 = j. Calculate the highest common divisor of 130 and t.
26
Suppose 2*t + 5*s + 10 = -0*s, -20 = 5*s. Suppose 0 = 9*u - t - 13. Let w = -16 - -38. Calculate the greatest common divisor of w and u.
2
Let a(d) = -2*d**2 + 1. Let r be a(-1). Let o be 0 + 1 + r + 14. What is the highest common factor of 7 and o?
7
Let g(q) = -95*q - 24. Let c be g(-3). Suppose 4*m - 250 = 2*p, 3*m - 2*p - c = -71. Calculate the highest common divisor of 12 and m.
12
Let j(m) = m**2 + 12*m + 23. Let i be j(-10). Suppose 5*c = i*c + 34. Calculate the highest common factor of c and 187.
17
Let g be -1 - ((-6)/(-15) - (-157)/(-5)). Let l be -23*1 + (5 - 2). Let a = l + g. Calculate the highest common divisor of a and 4.
2
Let r(i) = i**2 - 4*i - 6. Let x be r(5). Let c = 3 - x. Suppose 0 = q - 2*q + c. Calculate the greatest common factor of q and 20.
4
Suppose -y = b - 233, -967 = -4*b - y + 4*y. What is the greatest common divisor of b and 28?
14
Let p(r) = -r**2 - 73*r + 285. Let b be p(-73). Calculate the highest common factor of b and 45.
15
Let s = -114 + 68. Let h = s - -57. What is the greatest common factor of h and 33?
11
Let r(u) = -3*u**2 + 7. Let t(d) = -1. Let z(i) = -r(i) - 4*t(i). Let s be z(2). Calculate the highest common divisor of 63 and s.
9
Let w(h) = -h**3 + 6 - 7*h**2 - h**2 + 2*h**2 - 5*h. Let l be w(-6). Let m be (-4)/(-22) + 15196/638. Calculate the highest common factor of l and m.
12
Suppose -2*f - 12 = -2*a, a + 3*f - 21 = -3. Suppose 7*r = a*r - 32. Let q = -21 - -165. What is the highest common factor of q and r?
16
Let h = -14 - -17. Suppose 0 = 10*l - 7*l - h. Suppose y = 34 - l. Calculate the greatest common factor of y and 3.
3
Let i(x) = -2*x**3 + 3*x**2 - 4*x - 3. Let v be i(-3). Let n = -11715 - -11733. Calculate the greatest common factor of n and v.
18
Let q be 24/2 + 860/20. Calculate the highest common factor of q and 1485.
55
Let n = -27 - -54. Let c(v) = -v**3 - 8*v**2 + 25*v + 20. Let p be c(-11). Calculate the greatest common factor of n and p.
27
Let g be ((-52)/(-12) + -4)/(2/1482). Calculate the greatest common factor of g and 76.
19
Let o be 20*(-1 - 81/(-18)). What is the greatest common factor of o and 315?
35
Let z(i) = i**3 + 2*i + 13. Let a be z(0). Suppose 3*f + 3*d = 60, 3*d - 4 = 2*d. Suppose -y - a = -f. What is the highest common factor of y and 1?
1
Let d = -35 + 35. Suppose d = -7*p + 259 + 49. Calculate the greatest common divisor of 11 and p.
11
Let t(g) = 7*g**2 + 4*g + 2. Let n be t(-2). Suppose -295 = -5*z - 5*b, 0 = -0*z - 5*z + 3*b + 263. What is the highest common factor of z and n?
11
Let a(n) = 9*n**3 - n. Let f be a(1). Let j be 1 + 3/(-2) - (-35)/2. Let l = j - 16. Calculate the greatest common divisor of f and l.
1
Let o(u) = -3*u + 61. Let j be o(-12). What is the highest common factor of 1 and j?
1
Suppose -2*o + 12*o + 132 = 12*o. Let c = -6 - -12. Calculate the highest common divisor of c and o.
6
Suppose 3*s = 7*s - 440. Let g = -51 + s. Suppose 3*r - 191 = -g. What is the highest common divisor of r and 4?
4
Let h(j) = -j**3 + 11*j**2 + 13*j + 14. Let u be ((-18)/4)/((-12)/32). Let n be h(u). What is the highest common divisor of n and 26?
26
Suppose 0 = -2*f - n + 226, 7*f + n = 10*f - 349. What is the highest common factor of f and 5?
5
Let g(j) = 31*j + 1. Let n be g(1). Suppose -3*w - 5*b = 67 - 268, -2*w - 2*b = -134. Let p = -63 + w. What is the highest common divisor of n and p?
4
Let r be 6/2 - 9/((-63)/(-413)). Let w = r + 67. Calculate the greatest common factor of 99 and w.
11
Let w = -101 + 3045. What is the highest common divisor of w and 46?
46
Let l(s) = 23*s + 90. Let i be l(6). Calculate the greatest common divisor of 171 and i.
57
Let s = 707 + -686. What is the greatest common divisor of 567 and s?
21
Suppose -2*d + 3*i + 11 = 0, -8*d = -3*d + 4*i - 16. Calculate the greatest common divisor of d and 2.
2
Let a be (-1)/(-1) + (4 - 5). Suppose -k + 1 + 4 = a. Suppose -8 - 7 = -k*v. Calculate the greatest common divisor of 3 and v.
3
Let t be 252 - (-2 + 4 + 0 + -6). Calculate the highest common divisor of 832 and t.
64
Let h = -2 - -5. Let r = 27 - h. Let g = r - -18. What is the greatest common factor of g and 28?
14
Let l = -24 - -30. Let c be 20/12 + 4/(-6). Calculate the highest common divisor of c and l.
1
Suppose 4*s = 3*b - 130, -2*b + 83 = -s + 2*s. What is the greatest common divisor of 156 and b?
6
Let v be (-49)/(-2) - 1/(-2). Suppose 18*a = 17*a - 4. Let w be (1 + 204/a)*1/(-1). What is the highest common divisor of w and v?
25
Suppose -12*f + 9*f + 18 = 0. Suppose -4*h = 4, 3*j + 173 = f*j - 5*h. What is the greatest common factor of j and 7?
7
Let m(y) = 19*y - 159. Let k be m(9). Calculate the highest common divisor of k and 192.
12
Let w = 230 + -50. Let u be 17 + (65/20 - 2/8). What is the greatest common factor of w and u?
20
Let q be (-616)/6 + (-2)/(-3). Let m = 88 - 235. Let t = q - m. Calculate the highest common factor of 5 and t.
5
Suppose -11*b + 10*b + 259 = 3*o, -5*b = -2*o + 150. What is the greatest common divisor of 51 and o?
17
Let o be (-426)/(-5) - (-390)/(-325). Calculate the highest common divisor of o and 238.
14
Suppose 364 = -0*w + 2*w. Calculate the greatest common factor of 78 and w.
26
Let i = -31 - -8. Let y = i + 42. Calculate the highest common factor of 19 and y.
19
Let u = 38 - 18. Let x = 505 + -495. Calculate the highest common factor of x and u.
10
Let c be 5452/(-174)*3/(-2). Calculate the highest common divisor of c and 423.
47
Suppose 2473 = 28*m - 3379. Calculate the greatest common divisor of 133 and m.
19
Let s = 137 + -253. Let q = s + 146. What is the highest common factor of q and 135?
15
Let x(o) = 157*o**2 - 34*o - 93. Let r be x(-3). Calculate the greatest common divisor of r and 9.
9
Let b = 97 - -308. Suppose 0 = -18*c + 13*c + b. Suppose -3*o = -5*o - 5*g + 38, 3*g = 4*o - 24. Calculate the greatest common divisor of o and c.
9
Let h be 4/2 - 4872/(-84). Calculate the highest common factor of 160 and h.
20
Let z = -538 - -539. What is the greatest common factor of 27 and z?
1
Let s(h) = h**3 - 11*h**2 + h - 13. Let r be s(11). Let u(n) = 9*n**2 + 2*n - 1. Let i be u(r). Calculate the highest common divisor of i and 124.
31
Let g = 12 + 150. Let p = 1682 - 1664. Calculate the highest common divisor of g and p.
18
Let p(u) = 2 - 2 - 8*u - 1 - 2. Let s be p(-1). Calculate the highest common divisor of 5 and s.
5
Let s = 470 + -330. Let z be (-70)/4*(-2)/1. What is the highest common divisor of s and z?
35
Suppose -j = 4*j. Suppose j = -5*y + 10*y - 360. Suppose 5*m - y = -3*q, 0 = -0*q + 2*q - 8. Calculate the highest common divisor of m and 12.
12
Let x(q) = q**3 - 2*q**2 + 3*q + 2. Let a be x(3). Let f be (-185)/a - 9/12. Let o = f + 30. What is the greatest common factor of 60 and o?
20
Let d(h) = 7*h - 13 - 12*h - 5*h - h**2. Let i be d(-4). Let l(f) = 3*f**3 + 2*f + 1. Let c be l(3). What is the highest common factor of i and c?
11
Let a be ((-20)/6)/((-6)/(1*-18)). Let c be -3 - 178/a - (-1)/5. What is the highest common divisor of c and 20?
5
Suppose 2*y + 9 = 5*y. Suppose 0 = y*a + m - 628, 7*a + 5*m = 2*a + 1030. Let k = a - 85. What is the highest common factor of k and 14?
14
Suppose 0 = -q - 0*q + 12. Suppose 0*a + 2*p - 100 = -4*a, 2*p = 5*a - 116. What is the greatest common factor of q and a?
12
Let w be (-124)/434 + 592/14. Calculate the greatest common factor of w and 18.
6
Let z = 139 + -127. What is the highest common factor of 54 and z?
6
Suppose -5*x = x - 138. Let o = x - 8. What is the greatest common divisor of 3 and o?
3
Let h be (-1)/(1/(72/(-3))). Let r = -28 + 40. Suppose -k + r = k. What is the highest common divisor of h and k?
6
Let o be 1 + (0 - -1) + 12. Suppose 5*a - 38 = -18. Suppose -a*g + 12 = -44. What is the highest common factor of o and g?
14
Suppose v = -4*h - 0*h + 32, 4*h - 56 = -2*v. Suppose -f - 3*t + 22 = t, -f + 14 = 2*t. Calculate the highe